8)?
2
Let p = 11583 - 6045. What is the tens digit of p?
3
Let w = -88 - -123. Suppose 1168 = 43*j - w*j. What is the hundreds digit of j?
1
Let i(p) = p**3 - 14*p**2 + 32*p - 4. Let r be i(11). Let x(h) = -h**2 - 35*h - 9. What is the units digit of x(r)?
1
Let n(g) = -6*g - 3. Let i be n(-3). Suppose 8*p - 2*p = 12. What is the tens digit of ((-498)/i)/(p/(-5))?
8
Suppose 0 = 7368*c - 7378*c + 291710. What is the tens digit of c?
7
Let u(c) be the third derivative of 65*c**4/24 - 8*c**3/3 - c**2 + 14. What is the hundreds digit of u(3)?
1
Let y(k) = 196*k**2 - 10*k + 27. What is the hundreds digit of y(-5)?
9
Let i(d) = -7*d - 4. Let l be i(-1). What is the units digit of 3 + l + (-4 - -435)?
7
Suppose 3*d = 2*w - 12439, 0 = -5*w - 26*d + 25*d + 31106. What is the hundreds digit of w?
2
Suppose 0 = -4*r + 2*a - 1316, 5*r = -5*a - 0*a - 1615. Let g = r + 469. Suppose -u + g = -2*l + 22, -3*u = -3*l - 366. What is the hundreds digit of u?
1
Let z(f) be the third derivative of f**6/30 - f**5/60 + 7*f**4/12 - 5*f**3/3 - 5*f**2 - 2*f. What is the hundreds digit of z(4)?
2
Suppose 4*z - 28 = 2*k, 2 = z + 6. What is the hundreds digit of (k*(-5)/2)/((-23)/(-253))?
6
Suppose 4*i - 2*w = 986, -2*i - 505 = -4*i - 3*w. Let t = 422 - i. What is the hundreds digit of t?
1
Let z(g) = 2435*g - 2503. What is the thousands digit of z(9)?
9
Let d = 221 + -216. Suppose 6*n = -d*n + 2442. What is the units digit of n?
2
Suppose -4*m - 4 = 2*y, 2 = -2*m + y + 2*y. Let p be 2/(-6) + m + (-4)/(-12). What is the units digit of (p*14/(-5))/(1/5)?
4
Suppose -4*d + 3*c - 4 = 0, -16 = -0*d - 4*d - 2*c. Let a be 2*(d/4 + 1). What is the units digit of 5 + -4 - (-9)/a*67?
2
Suppose 5*j - 13 = -38, 3*y - 4*j - 26 = 0. What is the units digit of (5 - 18/y) + 66?
2
Suppose 9*f + 21789 = 249363. What is the units digit of f?
6
Let v be (-1)/((-26)/(-28) + -1). Let c(m) = 4*m + 5. Let u be c(v). Let i = -7 + u. What is the tens digit of i?
5
Let w(t) be the second derivative of -t**5/20 - t**3/2 + 20*t**2 + 38*t. Let y be w(9). What is the tens digit of y/(-10) - (-54)/(-90)?
7
Let j = -451 - -665. Let d = j - 111. What is the units digit of d?
3
Let w(i) = 2*i**2 - 41*i + 643. What is the thousands digit of w(-45)?
6
Suppose 0 = -5*q + p - 68 - 107, -4*q - 151 = -3*p. Let r = 411 + q. What is the hundreds digit of r?
3
Let u(s) = -8*s - 283. Let l be u(-36). Suppose -2*m + 5*m - 151 = 4*h, -m - l*h + 25 = 0. What is the tens digit of m?
4
Let g(c) = -c**3 + 11*c**2. Let z be g(11). Let a be 3/(z - -3)*9/3. Suppose 8*i - 285 = a*i. What is the units digit of i?
7
Suppose 45*f + 5*s = 47*f - 17348, s = f - 8671. What is the units digit of f?
9
Suppose -5*h = -18 - 32. Let x be -2*15/(-6) + (-30)/h. Suppose 0 = x*l + 44 - 276. What is the tens digit of l?
1
Let r = 452 + -1398. Let a = r + 1487. What is the units digit of a?
1
Let h(j) = 2*j - 28. Suppose -5*d + 15 = -4*v, -2*v + 5*d = 3*v + 15. Let i be h(v). What is the units digit of (i/(-10))/(13/130)?
8
Suppose -2*q + 4*x - x = 0, 0 = -5*q - 5*x + 25. Suppose -k = 12 - 14. Suppose -4*i = 2*a - 5*i - 369, -q*i = k*a - 365. What is the units digit of a?
4
Suppose -5*u = 2*x - 199978, -290*x = -285*x + 5. What is the units digit of u?
6
Suppose 8*s + 2236 = -5*s. Let u be (744/(-3) - -2)*-1. Let q = s + u. What is the tens digit of q?
7
What is the hundreds digit of 422566/12 + 9/54?
2
Let g(o) = -o**3 + 50*o**2 - 428*o + 7. What is the hundreds digit of g(32)?
7
Suppose 708*b + s = 711*b - 14917, -3*b - s + 14909 = 0. What is the tens digit of b?
7
Let q(r) = r**2 + 9*r - 7. Let a be q(-10). Suppose i + a*w = -4*i + 4850, -2*i = 3*w - 1949. What is the units digit of i?
7
Let k(y) = -y**3 - 17*y**2 - 4*y - 232. What is the units digit of k(-20)?
8
What is the thousands digit of (175/2 + 2)/((-257)/(-45746))?
5
Suppose -21716 + 58976 = 115*q. What is the hundreds digit of q?
3
Let q = 825 - 880. Let j(u) = -9*u. Let f be j(7). Let i = q - f. What is the units digit of i?
8
Suppose 0 = 12*t - 9*t + 2001. Let y = -334 - t. What is the units digit of y?
3
Let p(t) be the second derivative of 15*t**3 + t**2/2 + 37*t. Let i be p(-1). Let j = i - -156. What is the units digit of j?
7
Suppose 10*h - h - 8460 = 0. Let y = 1485 - h. What is the hundreds digit of y?
5
Let c(p) = p**3 + 2*p**2 + 6*p + 47. Let w be c(-4). What is the tens digit of 6 - 2492/(-6) - (-3)/w?
2
Let f be ((-12)/(-24))/((-2)/272). Let k = -62 - f. Suppose -2*y + k*y = 880. What is the units digit of y?
0
Suppose -w = 4*t - 31, -2*w + 2*t = -14 + 2. Suppose w*i + 19*i = 12480. What is the units digit of i?
6
Suppose -58515 = -3*x - 2*i, -x - 4*i + 10427 + 9088 = 0. What is the units digit of x?
3
Suppose -200153 = 7*q - 22*q - 64013. What is the units digit of q?
6
Suppose 3*f - 20 = -2*f, 3*s - 898 = -4*f. Suppose 2*x - 596 = -2*r, x = -5*r + 6*r - s. What is the tens digit of r?
9
Let i(g) be the third derivative of 19*g**6/240 - g**5/120 - 11*g**4/12 - 4*g**2. Let f(t) be the second derivative of i(t). What is the tens digit of f(4)?
2
Let x(v) = -15*v - 12*v - 9 + 8*v. Let y = -1357 - -1348. What is the tens digit of x(y)?
6
Let r(z) = -z**2 - 3*z - 20. Let t be r(0). Let x be t/15*87 - (3 - 2). Let h = x + 295. What is the hundreds digit of h?
1
Suppose 5*k = -2*j + 55095 + 62815, -k - 5*j = -23605. What is the tens digit of k?
8
Let s = 15130 + -8766. What is the tens digit of s?
6
Suppose -102796 - 33834 = -10*t. What is the tens digit of t?
6
Suppose f + m = 2592, -2*f - 5*m + 286 + 4901 = 0. What is the thousands digit of f?
2
Let n = 36 - 25. Let f = n - -4. What is the units digit of f + -18 + 40/2?
7
Let k = 81 - 69. Let o(h) = -h**2 + 11*h + 81. What is the units digit of o(k)?
9
Suppose 2*f + 2*b = -96, -5*f + 5*b = 2*b + 280. Let h = f - -57. Suppose 5*t = -4*s + 554, -7*t - h*s + 334 = -4*t. What is the units digit of t?
0
Suppose 3*j = -s - 10, 0*j + 3*s = -2*j - 16. What is the hundreds digit of (38 + j)*(-99)/(-22)?
1
Let l(j) = j**2 + 3*j - 6. Let f be l(2). Let i(b) = -f*b**2 + 15 - 5*b**3 + 0*b**2 + 2*b**2 - 17 + 2*b. What is the tens digit of i(-3)?
0
Suppose 4*u + 3*g = 227448, 4*g = 5*u - 0*u - 284310. What is the tens digit of u?
6
Let q = -125 - -57. Let v = 73 + q. Suppose v*y - 722 = -3*d, d - 25 - 215 = -y. What is the hundreds digit of d?
2
What is the thousands digit of ((-12936)/245)/(2/(-290))?
7
Let v(y) be the third derivative of 2*y**5/15 + y**4/12 - 11*y**3/3 + 56*y**2. What is the units digit of v(-5)?
8
Suppose 0 = 150*z - 159*z + 27. What is the units digit of (1 + 975/4)/(z/12)?
9
Let n(f) = 171 - 194*f + 380*f - 286*f. What is the tens digit of n(-10)?
7
Let j = 12613 + -5184. What is the hundreds digit of j?
4
Suppose 10*y + y = 3*y + 53712. What is the hundreds digit of y?
7
Let g(i) = 4*i**2 - i**3 + 3*i**2 + 3*i**2 - i**2 - 7*i + 27*i + 36. What is the hundreds digit of g(10)?
1
Let k = 973 - 885. Suppose -k*a = -14*a - 95460. What is the tens digit of a?
9
What is the thousands digit of (663/52)/(15/5200)?
4
What is the hundreds digit of ((-735)/(-630))/((-2)/(-20568))?
9
What is the units digit of 96/(-20)*885240/(-144)?
8
Suppose 7*d - 3*d = -888. Suppose 4*l + 17 = -515. Let q = l - d. What is the units digit of q?
9
Let c = 2905 - 1742. Let h = c - 777. What is the tens digit of h?
8
Let n(a) = 3*a**2 - 29*a + 218. Suppose 6*k = 792 - 636. What is the units digit of n(k)?
2
Let v = -139 + 151. Suppose v*n - 5564 = -14*n. What is the hundreds digit of n?
2
Suppose -i = 3*o + i - 14, 5*o - 18 = -2*i. Suppose o*c + 12 = 16. Suppose -c*j - 21 = -85. What is the units digit of j?
2
Suppose -r + 2 = -0*r. Suppose -4*d - 10305 = d. What is the units digit of r/16 + d/(-24)?
6
Let y be (1 + -1 + -1)*390/(-15). Suppose -3*m - 5*w = -42, 3*m - w - 16 - y = 0. Suppose -40 = -6*z + m. What is the units digit of z?
9
Let c = -11 + 5. Let l(q) = -3*q**2 + 2*q - 424*q**3 + 423*q**3 + 7 - q**2. What is the tens digit of l(c)?
6
Suppose -75*z = -80*z + 20. Suppose -5*h + 519 = 2*y, -z*h = -12 + 32. What is the tens digit of y?
7
Let s(w) = w**3 + 21*w**2 - 8*w - 4. Let n be s(-16). Let z = n + -643. What is the tens digit of z?
6
Let g(m) = -m**3 + 10*m**2 - 12*m + 14. Let z be g(9). Let k = 22 - z. What is the tens digit 